30 = 8*p - 5*p. What is the highest common factor of 2025 and p?
75
Suppose 4*u - k = 639, -4*u - 49 = -8*k - 653. Calculate the highest common divisor of 26243 and u.
161
Let g be 928/(-290)*(-90)/4. What is the highest common divisor of g and 171?
9
Let q be ((-12)/(-28) - (-4)/7)*90. Suppose 2*u - 5 = -15, -4*u = -4*j + 188. Let y be j/70*(30 + 1 + -1). What is the highest common divisor of q and y?
18
Let g = 3000 + -2994. Let o(l) = -l + 2*l**2 - 14 - l - 4*l. Let s be o(g). What is the highest common divisor of 44 and s?
22
Suppose 1108 = -5*h + n + 3070, 0 = -3*h + 4*n + 1184. Suppose -17*i - 5*i + 1904 = 12*i. What is the greatest common divisor of i and h?
56
Let g be (0 + 1)/(1/141). Let v = -241591 + 241826. What is the greatest common divisor of g and v?
47
Let m(h) = -50*h - 406. Let g be m(-9). Let q be -490*(-4)/g + 12/(-22). What is the highest common divisor of 11 and q?
11
Let k(s) = -s**3 + 31*s**2 - 18*s - 354. Let j be k(30). What is the highest common divisor of 978 and j?
6
Let z be 417/(-2502) + 146/12. Let j = -50 - -86. What is the highest common factor of z and j?
12
Suppose 0 = 3*z + 2*c - 8, 156*z - 37 = 154*z + 5*c. Let y be (-6)/39 + 320/52. Calculate the greatest common divisor of y and z.
6
Let b = -542 + 73. Let l = -454 - b. What is the highest common factor of l and 27?
3
Let j(t) = 6*t**2 + 2*t - 30. Let c(n) = -n**3 - 2*n**2 + 10*n + 4. Let d be c(-4). Let p be j(d). What is the greatest common divisor of 174 and p?
58
Let w be 0 + -13 + 2593831/313. What is the highest common factor of 7 and w?
7
Suppose 2*i = 5*m - 2*i + 35, -2*m + i - 11 = 0. Let z be 6 + (0 - (m - 1)). Calculate the greatest common factor of 10 and z.
10
Suppose 1001 = 23*t + 311. Let w(u) = u**2 - u + 2. Let v be w(2). Suppose 3*k = v*k - 10. What is the highest common divisor of t and k?
10
Suppose 4*z - 1901 = 3*m - 9980, -13395 = -5*m - 5*z. Calculate the greatest common divisor of 60 and m.
15
Let p be -6 + (-6)/(48/(-4552)). Suppose -14*q + 3301 = -p. Calculate the highest common divisor of 24 and q.
12
Let r be (-234 + 0)/((-1720)/(-290) - 6). What is the greatest common divisor of r and 585?
117
Let g be (-30381)/(-117)*(-6)/(-1). Calculate the greatest common factor of 410 and g.
82
Let m(c) = -c**2 - 110*c - 2071. Let d be m(-77). What is the greatest common divisor of d and 110?
10
Let w = 54 + -49. Suppose -5*f - 3*s = -35 - 10, w*f = 5*s + 5. Suppose -6 - f = -g. Calculate the highest common factor of 12 and g.
12
Let x(y) = -41*y**3 + 2*y + 1. Let u be x(-1). Suppose 4*v - u = 16. Suppose j + 2*a = 10, 4*j - v = -3*a + 16. Calculate the highest common divisor of 6 and j.
6
Suppose -1259*w + 1255*w = -5*d + 1653, -2 = w. What is the highest common divisor of 1175 and d?
47
Suppose x - 143 = 4*k, -19*k = 5*x - 20*k - 696. What is the greatest common divisor of 2 and x?
1
Let s = -222 - -222. Suppose 9*h - 145 - 152 = s. Let a(y) = -4*y - 5. Let f be a(-4). Calculate the highest common factor of f and h.
11
Suppose 4*f + 244 = 4*r, 4*r - r = 5*f + 193. Let n = -71927 - -71935. Calculate the greatest common divisor of r and n.
8
Suppose 10*a + 2 = 9*a. Let s be 356/24*(a + 8). What is the greatest common divisor of 356 and s?
89
Suppose -2*w - 3*g = -491, -2*w - w + 3*g = -699. Suppose -15*z = -17*z - 32. Let a be 5/(20/z) - -38. Calculate the highest common factor of w and a.
34
Let j be 546/1001 - 3338/(-11). What is the highest common factor of j and 1273?
19
Suppose -5*c - 202 = -o + 425, o = -5*c - 623. Let q = c + 165. What is the greatest common divisor of 440 and q?
40
Suppose 0 = -5*f - 4 - 1. Let d be (-24)/(f - 28/(-16)). Let x = 41 + d. What is the greatest common factor of 1 and x?
1
Let a = -232 - -284. Let p = 88 - a. What is the greatest common divisor of p and 48?
12
Let i(o) = -327*o**3 - 2*o**2 + o + 1. Suppose 27*a = 48*a + 21. Let t be i(a). Calculate the greatest common divisor of 13 and t.
13
Let v(i) = 25*i**2 - 6*i - 3. Let h be v(-3). Suppose -f + 118 = 2*f - 2*z, -4*z + 88 = 3*f. Let c = f - 6. Calculate the highest common factor of c and h.
30
Suppose -6*o + 162 = -4*o. Let v be 2/(-1 + o/80). Suppose -10*i + 62 = -7*i + s, -3*i = -3*s - 54. What is the highest common divisor of i and v?
20
Let w be (4/24)/(10/30) + 167/2. Calculate the greatest common factor of 8484 and w.
84
Suppose 0 = -n + 5*n - 16. Suppose -3*x + 175 = -3*k - 2, 212 = n*x + 4*k. Let d = -35 + x. Calculate the highest common divisor of 14 and d.
7
Suppose -19*x = -3324 - 1274. Suppose 3*z - 5*t = -0*t + 149, -x = -5*z + 2*t. What is the greatest common divisor of 6 and z?
6
Suppose -277*i - 2664 = -279*i - 10*k, 2664 = 2*i + 5*k. What is the highest common divisor of i and 148?
148
Let p = -679 + 273. Let u = p - -865. Let h = 3 + 48. Calculate the greatest common factor of h and u.
51
Let m be (3 + 32)*312/20. Let b = m - 455. Calculate the greatest common divisor of b and 39.
13
Let y(x) = -9*x**2 + 11 - 1 - 2*x + 10*x**2 + 2. Let f be y(8). Calculate the highest common divisor of f and 210.
30
Suppose -635 = 5*h + 2*w, h - 270 = 3*h + 4*w. Let g = h - -165. Calculate the greatest common factor of 5 and g.
5
Let i be (-8040)/(-35) + -9 - (-2)/7. Suppose -i = -6*q + 271. Calculate the greatest common divisor of 287 and q.
41
Suppose -46 = -k - 3*v, -229 = 4*k - 8*k - 3*v. Suppose -66 = -67*f + k*f. Calculate the greatest common divisor of 143 and f.
11
Suppose -15 = 7*i - 5*i - 5*h, -3*i - 4*h + 35 = 0. Suppose 3*m = i*s - 3523, -3*s + 7*s - 2*m = 2818. Calculate the highest common factor of 16 and s.
16
Let x(r) = r**3 + 9*r**2 + 13*r + 2. Let w be x(-2). Suppose 2*k + 548 = 5*p, 0 = -3*k - 8 - w. Calculate the highest common divisor of p and 60.
12
Let j = -1925 + 1949. Calculate the highest common divisor of 444 and j.
12
Let y be (-8)/3*63/(-6). Let g be 60/(-90)*(-15)/1. Let f be (-4)/g - 6744/(-60). Calculate the highest common factor of y and f.
28
Let t = -35 - -5. Let c = -5 - t. Suppose -5*h + c = -20. Calculate the highest common factor of h and 6.
3
Let s(b) = b**2 - 64*b - 128. Let p be s(68). Calculate the highest common divisor of 666 and p.
18
Suppose -4*x - n - 42 = -52, 0 = -4*x - 2*n + 16. Calculate the highest common factor of x and 765.
1
Let b = 126 - 72. Suppose 0 = 2*o - 0*o - b. What is the greatest common factor of 90 and o?
9
Suppose 7*d = 3*l - 42146, 3*l - 5547*d - 42122 = -5552*d. Calculate the highest common divisor of l and 4.
4
Suppose 0 = -4*c + 4*x + 1636, 2*x = 3 - 9. Suppose 746 + c = 2*a. Calculate the greatest common divisor of a and 18.
18
Let d(h) = -h**2 - 10*h + 29. Let u be d(3). Let g be 18/9*(-5)/u. Calculate the highest common factor of 11 and g.
1
Suppose -3*c + 2*g = -4*c - 7, 0 = 2*c - g - 26. What is the highest common factor of 1287 and c?
9
Let i be (-9)/(0 + 6/(-8)). Suppose 4*m - 10 = m + 2*s, 4*m - i = 3*s. Suppose 0 = -m*z - 37 + 73. Calculate the greatest common divisor of z and 30.
6
Suppose -12 = -3*a - a. Let z(j) = 7*j - 1. Let k be z(a). Let p(v) = 97*v**3 - 5*v**2 + 3*v + 5. Let u be p(1). What is the greatest common divisor of k and u?
20
Let f be -11*240/(-220) + 63. Suppose 3*u - y = y + 26, 5*y = -2*u - 8. Calculate the greatest common divisor of u and f.
3
Suppose -2*n - 2 = -58. Suppose 5*r + 12 = r, r = -2*a + 9. Suppose 0 = a*s + 163 - 187. Calculate the highest common divisor of n and s.
4
Suppose 5*k = 4*o + 724, -5*k + 44*o = 47*o - 717. Calculate the greatest common factor of 1200 and k.
48
Suppose -4*c = -0*c - 4104. Suppose -q = 2*q - c. Suppose -12*n + 91 = -365. What is the highest common factor of n and q?
38
Let o be 12272/(-10)*1440/(-64). What is the greatest common divisor of 36 and o?
36
Suppose -1 = -3*n - 16, 4*w - 3*n - 223 = 0. Let b = 87 - w. Let y = 68 - b. Calculate the highest common divisor of y and 3.
3
Let a be (19 - 14) + (-30)/(-4)*16/12. Calculate the greatest common divisor of 2715 and a.
15
Let q(b) = 3*b**2 - 3*b - 48. Suppose -4*o + 0*o = -12, -2*r + 4*o = 0. Let d be q(r). Calculate the greatest common factor of d and 12.
6
Suppose 10*g - 35852 = -32*g + 17614. Calculate the greatest common divisor of 76 and g.
19
Let s = -9611 + 9619. Calculate the highest common factor of s and 4232.
8
Let b(s) = 48*s**2 - s. Let j b